actors of n/(-35) - 3/21.
53
Suppose 0 = -l + 17 + 6. Let m(i) = -i + 40. Let s be m(-8). Let q = s - l. List the prime factors of q.
5
Let k = 18 + -14. Suppose 0 = -3*u + 4*v + 27 + 74, k = -2*v. List the prime factors of u.
31
Let i = 670 + -438. List the prime factors of i.
2, 29
Suppose 0 = -2*i - 5 - 19. List the prime factors of (-1071)/i + ((-14)/(-8))/(-7).
89
Suppose 0 = -2*u + 695 + 2447. What are the prime factors of u?
1571
Suppose 10*j - 10 = 5*j. Suppose -p + 28 = 5*t, -j*t + 20 = 2*t. Suppose -p*v + 15 = -12. What are the prime factors of v?
3
Suppose 5*z = -6 - 49. Let i be ((4 - 7) + -10)*-1. Let t = z + i. List the prime factors of t.
2
Let l be 8/14 + -1 - (-87)/7. Suppose l*i - 8*i - 356 = 0. What are the prime factors of i?
89
Suppose -9*o = -14*o - 2*f + 3437, 5 = 5*f. List the prime factors of o.
3, 229
Suppose -2 + 16 = -o + 3*g, 2*g = -4*o - 28. Let b be (4 + (-6)/2)*o. What are the prime factors of 1 + 30 - (-9 - b)?
2
Suppose 5*r - 102 = 2*c + r, 0 = -c - 4*r - 21. Let p = c - -122. List the prime factors of p.
3
Suppose -5*h + 22 = -98. List the prime factors of ((-4)/2)/((-2)/h).
2, 3
Suppose j - 109 + 366 = -2*g, 3*g - 1285 = 5*j. Let h = -130 - j. What are the prime factors of h?
127
Suppose m + 15 = 4*m. Suppose -531 = -m*i + 214. List the prime factors of i.
149
Suppose -4*v - 19 = 3*i, 4*i + 0*v - 2*v - 4 = 0. List the prime factors of -86*(-2*1 - i/2).
3, 43
Let u(h) = 106*h + 69. List the prime factors of u(31).
5, 11, 61
Let s be 3/(9/(-6)) - -7. Suppose -5*l = j - 6*j - s, 4*l = -2*j - 2. Suppose l = r - 5*d - 17, r - 3*d - 13 = 2. List the prime factors of r.
2, 3
Let q = 132 - 57. Suppose -3*b + q = -6*b. List the prime factors of (140/b)/((-4)/50).
2, 5, 7
Let r(g) = -g**2 + 4*g - 3. Let x be r(3). Suppose x = -2*q - 0*q. List the prime factors of (-2 - q)*(-21 + 7).
2, 7
What are the prime factors of 222*(-6)/(-16) - 1/4?
83
Suppose 2688 = -5*i + 6483. List the prime factors of i.
3, 11, 23
What are the prime factors of (-4 - (-45)/10)/((-4)/(-4272))?
2, 3, 89
Let p(l) be the second derivative of -47*l**3/6 + 7*l**2/2 + 12*l. What are the prime factors of p(-2)?
101
Suppose -5 = -5*i - 3*v, 4*i - 2*v + 14 = -4. Suppose 2*s - 223 = 5*c - 12, -3*s - 73 = 2*c. What are the prime factors of c*(3 + i)*-1?
41
Let l(j) = -31*j - 93. List the prime factors of l(-15).
2, 3, 31
Suppose -5*y = -11 + 1. Suppose 129 = 3*v + 3*m, y*v - 58 - 43 = -5*m. Suppose -v = -3*r + 2*r - 4*c, r - 33 = -3*c. What are the prime factors of r?
2, 3
Let b = -369 + 285. Let m be (35/4 - 2)*-4. Let i = m - b. What are the prime factors of i?
3, 19
Let t(w) = -7*w**3 + 6*w**2 - 4*w + 9. Let k(d) = 5*d**3 - 6*d**2 + 5*d - 7. Let q(h) = -4*k(h) - 3*t(h). Let i = -4 + -3. What are the prime factors of q(i)?
2
Let k = -247 - -351. Let i = k + -54. What are the prime factors of i?
2, 5
Let z = 966 + -637. What are the prime factors of z?
7, 47
Suppose -s - 3*u = -0*u + 9, -6 = 5*s + 2*u. Suppose k + s - 24 = 0. What are the prime factors of k?
2, 3
Suppose 3*g - 129 = 111. Suppose 11*s = 7*s - g. List the prime factors of (-55)/s - 2/(-8).
3
Let h(m) = 5*m + 6. Suppose -j - 51 = -3*y - 5*j, 0 = 4*j - 12. What are the prime factors of h(y)?
71
Let r(m) = -565*m**3 - m**2 + 3*m + 4. What are the prime factors of r(-1)?
5, 113
Let z(o) = o**3 - 8*o**2 - 5*o + 14. Let m be z(10). Suppose 13*t = 4*l + 8*t - 215, -m = -3*l + t. What are the prime factors of l?
5, 11
Suppose -2*w = -2*l - 352, -3*l = -16 + 31. List the prime factors of w.
3, 19
Let w(q) = 68*q**2 - 4*q + 6. What are the prime factors of w(2)?
2, 3, 5
Let v be (-24)/(-5) + (-7)/(-35). Suppose -b + v*z = -15, 2*b = 5*b + 5*z + 55. What are the prime factors of (-2 - -8)/((-4)/b)?
3, 5
Let b(s) = 2*s**2 + 16*s - 111. List the prime factors of b(21).
3, 41
Let k(v) = -2*v**2 + 91*v + 10. What are the prime factors of k(39)?
11, 47
Suppose 1154*a = 1160*a - 14946. List the prime factors of a.
47, 53
Let r(p) be the first derivative of -1/4*p**4 + 5*p**2 - 5/3*p**3 + 5*p + 6. List the prime factors of r(-7).
3, 11
Let v(r) = -912*r - 8. List the prime factors of v(-2).
2, 227
Let j(r) = 1 - 2 - 20*r + 22*r + r**2. Let i be j(-4). Suppose -22 = 6*f - i*f. List the prime factors of f.
2, 11
Let v(a) = 57*a + 609. List the prime factors of v(43).
2, 3, 5, 17
Let k = 48 - 25. Suppose z - 33 = -c, -2*z - 5*c = -4*z + 101. Let m = z - k. What are the prime factors of m?
3, 5
Suppose 25 + 35 = -3*y. Let l = 27 + y. Suppose k = -l*k + 192. List the prime factors of k.
2, 3
Let n = -23 + 22. Let q be (-1 + n + 1)*-4. Suppose -4*f + 29 = 3*d, -q*f + 16 = d - 7. List the prime factors of f.
5
What are the prime factors of (-13)/(-143) - (-6621)/11?
2, 7, 43
Suppose -6*p + p + 1 = 3*h, 2*h + p = 3. Let y be h/((-6)/(-9)) - -3. What are the prime factors of (112/(-24))/((-1)/y)?
2, 7
Suppose -4*q + 11 + 57 = 0. Suppose -k + q = -0*k. Suppose -4*t = n - k, -3*t + 0 + 16 = n. What are the prime factors of n?
13
Suppose 5*i = 5*s - 2760, -5*i + 620 - 56 = s. List the prime factors of s.
2, 277
Suppose j + 5*f - 926 = 0, 927 = 6*j - 5*j + 4*f. List the prime factors of j.
7, 19
Let v = 111 - 70. Let b = v + -15. List the prime factors of b.
2, 13
Let d(a) = -16*a - 143. What are the prime factors of d(-34)?
401
Let b = 48 + -22. Suppose 0 = -3*a + 16 + b. What are the prime factors of a?
2, 7
Let w(u) = u + 5. Let a be w(-4). Suppose t - 2*t = -a. What are the prime factors of -2 + t - (-240)/5?
47
Suppose 3*x - 5*k + 6 = -k, -5*k + 2 = -x. Suppose -2*c = 3*c + 25. List the prime factors of (3 + c)*37/x.
37
Suppose 2*x = -2*g - 1304 + 3624, -g - 2320 = -2*x. What are the prime factors of x?
2, 5, 29
Suppose -5*w + 4*b + 247 = 0, 91 - 273 = -4*w - 2*b. Suppose 2*y + 2*d - 164 = -0*d, -2*y - 3*d = -164. Let k = y - w. List the prime factors of k.
5, 7
Let d = 5 + -49. What are the prime factors of ((-22)/d)/((-2)/(-168))?
2, 3, 7
Let y = 674 - 330. Let i = y - 235. List the prime factors of i.
109
List the prime factors of 8/(230/1144 + (-6)/33).
2, 13
Let r = -10 + 9. Let c be -54 + (0 - -3) + r. What are the prime factors of c*(20/(-8))/5?
2, 13
Suppose -13*r - 16*r = -7946. What are the prime factors of r?
2, 137
Let y(m) = -m**2 - 11*m - 5. Let l be y(-10). Suppose 85 = 5*b - 3*b - w, 215 = 5*b - l*w. What are the prime factors of b?
2, 3, 7
Let j = 475 - 307. What are the prime factors of j?
2, 3, 7
Suppose -6 = -3*g + g. Let b(y) = y**g - 2*y - 9 - y + 9*y**2 + 4*y. List the prime factors of b(-8).
47
Let h be 1/(-2)*0/5. Suppose -t + 17 = -h*t + 3*a, -2*t = -4*a + 16. Suppose t*x - 48 = -2*x. List the prime factors of x.
2, 3
Suppose 0 = -10*y + 3512 + 20168. List the prime factors of y.
2, 37
Let j = 560 - 109. List the prime factors of j.
11, 41
Let d(r) be the first derivative of -r**4/4 - 5*r**3/3 + r**2/2 + 12*r + 10. List the prime factors of d(-6).
2, 3, 7
Suppose -63*c - 5679 = -72*c. List the prime factors of c.
631
Let t = 1970 + -1133. What are the prime factors of t?
3, 31
Let z(g) be the third derivative of -g**4/24 - g**3/2 - g**2. Let c be z(-7). Suppose -c*n + 5*n = 18. What are the prime factors of n?
2, 3
Suppose 0 = -0*j + 4*j + 4. Let c(t) = 18*t + 2. Let p be c(j). List the prime factors of 1*(0 - p*3).
2, 3
What are the prime factors of (-4668)/(8/(-2)) - 9/(-3)?
2, 3, 5, 13
Let f = 14 + -14. Suppose 5*b - 5*l + 65 = f, 4*b + l + 16 = -4*l. Let u(w) = -9*w - 20. What are the prime factors of u(b)?
61
Suppose -f = -c - 95 - 19, -2*f = 2*c - 220. List the prime factors of f.
2, 7
Suppose -38*t + 113601 + 32471 = 0. What are the prime factors of t?
2, 31
Suppose -86*g = -62*g - 4992. List the prime factors of g.
2, 13
List the prime factors of -3 - (633/(-6))/((-5)/(-110)).
2, 19, 61
Suppose -3*m - 46 = 2*n + 2*n, 0 = -3*n + 3*m - 24. Let v be 12/n*35/(-14). Suppose 160 = 5*b + v*k, 6*b + 3*k = 2*b + 128. List the prime factors of b.
2
Suppose 297 = 6*b - 5*b - 5*r, 2*b - 2*r - 626 = 0. List the prime factors of b.
317
Let b be 3*(-1 + 0)/(-1). Let a(t) = 15*t + 4. List the prime factors of a(b).
7
Suppose -4*s + 1960 = -g, 4*s + 2475 = 9*s + 5*g. What are the prime factors of s?
491
Suppose 0 = -3*t - t + 8. Suppose 3*y + t*v + 2*v - 335 = 0, 0 = 2*y - 5*v - 185. List the